 = 5*r + 114, 29*u - 33*u + 3*r + 337 = 0. Calculate the remainder when 1187 is divided by u.
2
Let n be 8/60*3*25/2. Suppose -n*a = -21*a + 3024. Calculate the remainder when a is divided by 12.
9
Let f(v) = 4*v**2 - 59*v + 301. What is the remainder when 268 is divided by f(6)?
86
Suppose 14*q - 974 - 678 = 0. Calculate the remainder when q is divided by 89.
29
Calculate the remainder when 14*((-12939)/266)/((-6)/8) is divided by 35.
33
Let v = -13546 - -17382. Calculate the remainder when v is divided by 15.
11
Let x = -8652 + 9656. Calculate the remainder when x is divided by 247.
16
Let l(u) = -17*u**2 + u + 286. Suppose 3*c + 2*x - 195 = 0, -2*x = 4*c - 0*x - 260. Calculate the remainder when c is divided by l(-4).
5
Let d(c) = 4*c**3 - 31*c**2 + c - 67. Let s = 13 - 6. Suppose 0 = -5*u - s + 22. Calculate the remainder when d(8) is divided by u.
2
Let a(g) = g**2 - 3*g - 24. Let n be a(7). Suppose 228 + 76 = n*s. What is the remainder when s is divided by 11?
10
Suppose -2*d + 50 = -8*f + 4*f, -3*f = 5*d - 203. What is the remainder when 1030 is divided by d?
31
What is the remainder when 1698 is divided by 1700/7 + 17/119?
240
Let h(m) = 11*m. Let t be h(5). Let x(u) = -33*u - 3034. Let v be x(-91). Let k = v + t. Calculate the remainder when k is divided by 13.
11
Let a(h) = -13*h - 233. Let f = 35 + -24. What is the remainder when a(-20) is divided by f?
5
Let k = -23388 + 23751. What is the remainder when k is divided by 119?
6
Let f = -880 + 512. Let y = f + 372. Calculate the remainder when 105 is divided by y.
1
Let v(a) = -4*a**2 - 4*a - 9. Let p be v(-2). Calculate the remainder when 100 is divided by p/(((-12)/6)/((-24)/(-4))).
49
Let d = -41119 - -41234. What is the remainder when 629 is divided by d?
54
Let i(n) = -n**2 + 15*n + 40. Let o be i(17). What is the remainder when 268*(o/(-12) + 1) is divided by 17?
15
Let q = 247 - 190. Suppose 8*v - 411 = 5. Let g = q - v. Calculate the remainder when 38 is divided by g.
3
Let d(m) = -2*m. Let q be d(0). Let c be 10/6*((-36)/(-30) - q). Calculate the remainder when 31 is divided by -28*c/(-4) + (5 - 2).
14
Suppose -3*q + 87 = -0*q. Let h be -1 + 0 - (3*44 + 4). Let y = -129 - h. Calculate the remainder when q is divided by y.
5
Let d(i) = 6*i**2 + 39*i + 58. What is the remainder when d(-8) is divided by 33?
31
Let b(x) = 21*x + 87. Let w be b(19). Let z = -465 + w. Calculate the remainder when 249 is divided by z.
18
Let j be (-19)/(38/(-48)) - 0. Suppose -4*d = 2*t - j, -3*t + 6*d - d = -91. What is the remainder when 78 is divided by t?
12
Let t be (0 - 39/9)*-15. Suppose 0 = 2*c + 4 + 56. Let r = c + t. Calculate the remainder when 102 is divided by r.
32
Suppose -42879 - 80541 = 196*k - 680*k. Calculate the remainder when 259 is divided by k.
4
Suppose -23 = -3*r + 2*o, 5*r - 2*o = 3*o + 35. Suppose 4*l + 216 = 3*p, -192 = -0*p - 3*p - 4*l. What is the remainder when p is divided by r?
5
Let t be 235/(-30) + (-92)/(-24) + -4. Calculate the remainder when (t/(-7 - 1))/(2/32) is divided by 15.
1
Suppose 21*v = 2 + 61. Suppose 0 = -v*q + y + 291, -4*q = -7*y + 6*y - 387. What is the remainder when q is divided by 33?
30
Let g = 0 - 2. Calculate the remainder when (-62)/(-3) - (g - (-16)/6) is divided by 0 + (-1 - (-8 - 1)).
4
Calculate the remainder when (26 - 32)/(4*2) + (-20901)/(-12) is divided by 26.
25
Let n = -66 - -66. Suppose n = -6*c - 0*c - 12. What is the remainder when 164 is divided by (-4356)/(-78) - c/13?
52
Let s = -4838 + 4862. Suppose 0 = 5*d - 8*d + 1071. What is the remainder when d is divided by s?
21
Let x = -10094 + 10816. What is the remainder when x is divided by 155?
102
Suppose 128 = -12*u + 320. Let j = u - -16. What is the remainder when j is divided by 21?
11
Let z = -444 - -94. Let d = z - -383. Calculate the remainder when 84 is divided by d.
18
Let f(u) = 1172*u**2 - 250*u + 248. Calculate the remainder when f(1) is divided by 69.
66
Suppose 460 = 4*y + 12*f - 14*f, -4*y - 4*f = -484. Calculate the remainder when 416 is divided by y.
65
Suppose 74*s = 6*s + 1564. Calculate the remainder when 1975 is divided by s.
20
Suppose 4*r - r = -3*m + 159, -4*r = 2*m - 204. What is the remainder when 783 is divided by r?
48
Suppose 5*k + 746 = 3*x, 0 = 4*x + k - 4*k - 1002. Suppose -331*o + 335*o - x = 0. Calculate the remainder when o is divided by 16.
15
Suppose 15*v - 34206 = 5739. Let k = 725 + v. Calculate the remainder when 4/18 - k/(-63) is divided by 11.
10
Let j be (-2 - -1)/((-8)/(-288)). Let r = j + 54. Let w = -2668 + 2721. What is the remainder when w is divided by r?
17
Suppose 4612*x - 4604*x - 2520 = 0. Calculate the remainder when x is divided by 122.
71
Suppose 20*r - 227 = -26647. Calculate the remainder when (-19)/57 - (-2)/(-6)*r is divided by 89.
84
Let o(t) = -t**3 + 9*t**2 + 12*t - 9. Let i be o(10). Suppose r + 5*g - i + 25 = 0, 5*g = -20. Calculate the remainder when 33 is divided by r.
3
Let i(l) = 2*l**3 - l**2 + 2*l - 1. Suppose 3*s = o - 24, -28*o + 4*s + 2 = -30*o. What is the remainder when o is divided by i(1)?
1
Let b = 9457 + -8446. Calculate the remainder when b is divided by 268.
207
Let c = 176 - 172. Let o(q) = 3*q**2 - 4*q - 1. Calculate the remainder when o(c) is divided by 12.
7
Suppose 9683 + 4517 = 20*s. Suppose -65 = -5*q + 35. What is the remainder when q is divided by (-2)/20 + s/100?
6
Suppose 2*z + 22*h = 18*h + 34, 0 = 5*h + 30. Let j(b) = -b**2 + 24*b + 1. What is the remainder when j(10) is divided by z?
25
What is the remainder when 127 is divided by (-13*(-2 + (-8 - -9)))/1?
10
What is the remainder when 3*106*(-220)/(-132) is divided by 51?
20
Let t(i) = 5*i**3 + i**2 + 5*i - 11. What is the remainder when 597 is divided by t(3)?
5
Suppose -7*m + 42 + 193 + 66 = 0. What is the remainder when 635 is divided by m?
33
Suppose -1129*k + 1143*k = 323764. What is the remainder when k is divided by 98?
96
Let t = 52 - 47. Suppose -3*u = 2*y - 74, 0 = -5*y + 3*y + t*u + 74. Calculate the remainder when y is divided by 34.
3
Let r = 13 + 9. Let u = -105 + 111. Suppose u*j - 118 = -r. What is the remainder when 95 is divided by j?
15
Suppose 0 = -4*z + 60 - 4. Suppose -4*x - 186 - 58 = -4*u, 5*x = u - 313. Let m = z - x. What is the remainder when m is divided by 16?
13
Suppose -1351*b = -1361*b. Suppose 47*r - 14*r - 825 = b. Calculate the remainder when 98 is divided by r.
23
Suppose 3*l = 6, -2*d - 4*l = 3*d + 447. Calculate the remainder when 1 + 2 - (d - -5) is divided by 10.
9
Let z(g) = 3*g - 3*g**2 + 5*g**2 + g**3 - 3*g**2 + 0*g**2 - 23*g + 39. Calculate the remainder when z(6) is divided by 34.
31
Let v(y) = -47*y**3 + 2*y**2 + 48*y + 49. What is the remainder when v(-1) is divided by 9?
5
Suppose -2*z - b = -2*b + 485, 0 = -5*b - 5. Let d = -233 - z. What is the remainder when 24 is divided by d?
4
Let k(u) = -55 + 8*u - 74 + 38. What is the remainder when 271 is divided by k(13)?
11
Suppose 0 = 3*c + 14*g - 19*g - 740, 5*c - 1292 = g. Calculate the remainder when c is divided by 47.
25
Suppose f - 102 = -16*f. What is the remainder when f/8*(-3408)/(-18) is divided by 24?
22
Suppose -366 = 14*c - 11*c. Let i = c + 134. What is the remainder when 57 is divided by i?
9
Let w = 29057 - 27953. Calculate the remainder when w is divided by 382.
340
Suppose 7*v = r + 11*v + 8, -v - 107 = 4*r. Let w = 56 + r. What is the remainder when w is divided by 23?
5
Let x(k) = -101*k**3 + k**2 + k - 1. Let z be x(1). What is the remainder when (18/(-7))/(z/14 + 7) is divided by 12?
6
Let h = 282 + -280. Let b(q) = q - 1. Let i be b(5). Suppose 5*v - i*v = 2. What is the remainder when v is divided by h?
0
Suppose 4*d - 6*d = -20. Let f be 204/(-10)*(-125)/d. Suppose 12*a - 15*a = -f. What is the remainder when a is divided by 22?
19
Let o(i) = i**2 + 327*i + 23895. Suppose k + k - 28 = 0. What is the remainder when o(-217) is divided by k?
11
Let t = 5826 + -4918. What is the remainder when t is divided by 12?
8
Let q = 224 + 318. Calculate the remainder when q is divided by 137.
131
Let b(t) = 851*t + 5 + 14 - 853*t. What is the remainder when 4/(-1)*(-58)/2 is divided by b(-10)?
38
Let o = 2493 - 1153. Calculate the remainder when o is divided by 25.
15
Let a = -62 + 48. Let y(n) = -n + 15. Calculate the remai